3, 13, 131
What are the prime factors of 10371?
3, 3457
What are the prime factors of 48821?
48821
List the prime factors of 4958.
2, 37, 67
List the prime factors of 3474.
2, 3, 193
What are the prime factors of 2518?
2, 1259
What are the prime factors of 666?
2, 3, 37
What are the prime factors of 2606?
2, 1303
What are the prime factors of 37?
37
What are the prime factors of 3277?
29, 113
List the prime factors of 1382.
2, 691
List the prime factors of 5221.
23, 227
What are the prime factors of 292?
2, 73
List the prime factors of 362.
2, 181
List the prime factors of 39540.
2, 3, 5, 659
What are the prime factors of 2717?
11, 13, 19
List the prime factors of 813.
3, 271
What are the prime factors of 2058?
2, 3, 7
What are the prime factors of 5178?
2, 3, 863
List the prime factors of 2042.
2, 1021
List the prime factors of 21764.
2, 5441
What are the prime factors of 58230?
2, 3, 5, 647
List the prime factors of 56650.
2, 5, 11, 103
What are the prime factors of 1754?
2, 877
What are the prime factors of 724?
2, 181
What are the prime factors of 466?
2, 233
List the prime factors of 86741.
127, 683
List the prime factors of 25697.
7, 3671
List the prime factors of 18569.
31, 599
List the prime factors of 13932.
2, 3, 43
List the prime factors of 6620.
2, 5, 331
What are the prime factors of 9481?
19, 499
List the prime factors of 111465.
3, 5, 2477
What are the prime factors of 3229?
3229
List the prime factors of 3394.
2, 1697
What are the prime factors of 4028?
2, 19, 53
What are the prime factors of 3149?
47, 67
List the prime factors of 2271.
3, 757
List the prime factors of 26405.
5, 5281
List the prime factors of 19491.
3, 73, 89
What are the prime factors of 3284?
2, 821
What are the prime factors of 38024?
2, 7, 97
List the prime factors of 5497.
23, 239
What are the prime factors of 6175?
5, 13, 19
What are the prime factors of 2849?
7, 11, 37
List the prime factors of 145000.
2, 5, 29
What are the prime factors of 4255?
5, 23, 37
List the prime factors of 578.
2, 17
What are the prime factors of 2635?
5, 17, 31
List the prime factors of 17144.
2, 2143
List the prime factors of 1422.
2, 3, 79
List the prime factors of 203395.
5, 19, 2141
List the prime factors of 2626.
2, 13, 101
What are the prime factors of 4561?
4561
What are the prime factors of 1035?
3, 5, 23
What are the prime factors of 59955?
3, 5, 7, 571
List the prime factors of 10064.
2, 17, 37
List the prime factors of 1188.
2, 3, 11
List the prime factors of 3010.
2, 5, 7, 43
List the prime factors of 12541.
12541
List the prime factors of 74350.
2, 5, 1487
List the prime factors of 75868.
2, 13, 1459
What are the prime factors of 6549?
3, 37, 59
What are the prime factors of 12125?
5, 97
What are the prime factors of 9576?
2, 3, 7, 19
List the prime factors of 55753.
127, 439
What are the prime factors of 1168?
2, 73
List the prime factors of 22577.
107, 211
What are the prime factors of 29044?
2, 53, 137
List the prime factors of 133029.
3, 13, 379
List the prime factors of 27722.
2, 83, 167
List the prime factors of 1098.
2, 3, 61
What are the prime factors of 25433?
29, 877
List the prime factors of 19000.
2, 5, 19
List the prime factors of 79663.
29, 41, 67
List the prime factors of 1278.
2, 3, 71
What are the prime factors of 3071?
37, 83
List the prime factors of 11435.
5, 2287
List the prime factors of 4859.
43, 113
What are the prime factors of 60623?
60623
List the prime factors of 342.
2, 3, 19
What are the prime factors of 25086?
2, 3, 37, 113
List the prime factors of 9381.
3, 53, 59
List the prime factors of 2874.
2, 3, 479
List the prime factors of 427.
7, 61
What are the prime factors of 25?
5
List the prime factors of 50982.
2, 3, 29, 293
What are the prime factors of 358?
2, 179
List the prime factors of 7336.
2, 7, 131
List the prime factors of 752.
2, 47
List the prime factors of 1974.
2, 3, 7, 47
List the prime factors of 4583.
4583
List the prime factors of 1151.
1151
What are the prime factors of 100680?
2, 3, 5, 839
What are the prime factors of 39172?
2, 7, 1399
What are the prime factors of 8136?
2, 3, 113
List the prime factors of 7947.
3, 883
What are the prime factors of 75398?
2, 37699
List the prime factors of 133.
7, 19
List the prime factors of 112.
2, 7
List the prime factors of 879.
3, 293
List the prime factors of 10037.
10037
What are the prime factors of 29860?
2, 5, 1493
What are the prime factors of 33318?
2, 3, 617
What are the prime factors of 688?
2, 43
What are the prime factors of 30124?
2, 17, 443
List the prime factors of 10447.
31, 337
What are the prime factors of 15745?
5, 47, 67
List the prime factors of 17762.
2, 83, 107
What are the prime factors of 45433?
45433
List the prime factors of 39159.
3, 19, 229
What are the prime factors of 25572?
2, 3, 2131
What are the prime factors of 165623?
19, 23, 379
What are the prime factors of 750?
2, 3, 5
List the prime factors of 48008.
2, 17, 353
What are the prime factors of 525?
3, 5, 7
What are the prime factors of 10603?
23, 461
What are the prime factors of 7736?
2, 967
What are the prime factors of 3219?
3, 29, 37
List the prime factors of 37051.
7, 67, 79
List the prime factors of 25966.
2, 12983
What are the prime factors of 12677?
7, 1811
List the prime factors of 9456.
2, 3, 197
What are the prime factors of 2877?
3, 7, 137
What are the prime factors of 190?
2, 5, 19
What are the prime factors of 4178?
2, 2089
List the prime factors of 53553.
3, 17851
What are the prime factors of 116027?
116027
List the prime factors of 3706.
2, 17, 109
What are the prime factors of 3155?
5, 631
List the prime factors of 69153.
3, 7, 37, 89
List the prime factors of 70.
2, 5, 7
What are the prime factors of 16801?
53, 317
List the prime factors of 790.
2, 5, 79
What are the prime factors of 4442?
2, 2221
What are the prime factors of 31108?
2, 7, 11, 101
What are the prime factors of 64586?
2, 43, 751
What are the prime factors of 25703?
25703
List the prime factors of 118302.
2, 3, 19717
What are the prime factors of 39893?
7, 41, 139
What are the prime factors of 15468?
2, 3, 1289
List the prime factors of 2444.
2, 13, 47
What are the prime factors of 69979?
7, 13, 769
What are the prime factors of 4480?
2, 5, 7
What are the prime factors of 33832?
2, 4229
What are the prime factors of 1827?
3, 7, 29
What are the prime factors of 17665?
5, 3533
List the prime factors of 16.
2
List the prime factors of 54275.
5, 13, 167
What are the prime factors of 2414?
2, 17, 71
List the prime factors of 3210.
2, 3, 5, 107
What are the prime factors of 11937?
3, 23, 173
List the prime factors of 611.
13, 47
List the prime factors of 9203.
9203
List the prime factors of 1882.
2, 941
What are the prime factors of 11682?
2, 3, 11, 59
What are the prime factors of 696?
2, 3, 29
List the prime factors of 5582.
2, 2791
What are the prime factors of 10242?
2, 3, 569
List the prime factors of 2162.
2, 23, 47
What are the prime factors of 8435?
5, 7, 241
What are the prime factors of 46099?
46099
List the prime factors of 3141.
3, 349
What are the prime factors of 47390?
2, 5, 7, 677
What are the prime factors of 4761?
3, 23
List the prime factors of 137.
137
What are the prime factors of 39367?
39367
List the prime factors of 23192.
2, 13, 223
What are the prime factors of 2292?
2, 3, 191
List the prime factors of 42935.
5, 31, 277
What are the prime factors of 18341?
18341
List the prime factors of 31.
31
What are the prime factors of 239?
239
What are the prime factors of 3030?
2, 3, 5, 101
What are the prime factors of 2405?
5, 13, 37
List the prime factors of 857.
857
What are the prime factors of 3344?
2, 11, 19
List the prime factors of 230.
2, 5, 23
List the prime factors of 31421.
13, 2417
List the prime factors of 78058.
2, 31, 1259
List the prime factors of 79217.
37, 2141
What are the prime factors of 20535?
3, 5, 37
List the prime factors of 1113.
3, 7, 53
What are the prime factors of 71822?
2, 35911
What are the prime factors of 1321?
1321
List the prime factors of 832.
2, 13
What are the prime factors of 17636?
2, 4409
List the prime factors of 14191.
23, 617
List the prime factors of 434.
2, 7, 31
List the prime factors of 23782.
2, 11, 23, 47
What are the prime factors of 7619?
